What is the hundred thousands digit of 131316023?
3
What is the tens digit of 1673434690?
9
What is the thousands digit of 167021990?
1
What is the ten millions digit of 591122615?
9
What is the tens digit of 1065961605?
0
What is the thousands digit of 69743396?
3
What is the millions digit of 1171708243?
1
What is the tens digit of 801258559?
5
What is the hundred millions digit of 2536199394?
5
What is the ten thousands digit of 507060596?
6
What is the thousands digit of 93869018?
9
What is the hundreds digit of 1167775896?
8
What is the ten millions digit of 24764151?
2
What is the ten thousands digit of 1531024656?
2
What is the units digit of 23435422?
2
What is the hundreds digit of 72884905?
9
What is the hundred thousands digit of 95108763?
1
What is the millions digit of 72341219?
2
What is the thousands digit of 418243853?
3
What is the millions digit of 561142495?
1
What is the units digit of 175021157?
7
What is the ten millions digit of 1046382799?
4
What is the units digit of 32055377?
7
What is the millions digit of 85913588?
5
What is the tens digit of 5605360331?
3
What is the thousands digit of 819177604?
7
What is the millions digit of 9275527?
9
What is the ten millions digit of 322767508?
2
What is the millions digit of 1809537298?
9
What is the millions digit of 36024954?
6
What is the ten millions digit of 1973082046?
7
What is the hundred millions digit of 289472397?
2
What is the ten thousands digit of 235109078?
0
What is the units digit of 82661880?
0
What is the thousands digit of 17921888?
1
What is the units digit of 743684661?
1
What is the units digit of 1842091?
1
What is the hundred thousands digit of 16230520?
2
What is the hundreds digit of 162054076?
0
What is the units digit of 1543581727?
7
What is the tens digit of 450441489?
8
What is the hundred thousands digit of 170606947?
6
What is the units digit of 3364007511?
1
What is the ten millions digit of 932487070?
3
What is the tens digit of 24343818?
1
What is the ten thousands digit of 156005388?
0
What is the ten millions digit of 6513179859?
1
What is the thousands digit of 115431554?
1
What is the millions digit of 3846155?
3
What is the hundreds digit of 298057961?
9
What is the billions digit of 3825367072?
3
What is the ten millions digit of 64925986?
6
What is the hundreds digit of 62288148?
1
What is the millions digit of 114688653?
4
What is the millions digit of 110014014?
0
What is the hundred thousands digit of 2581494531?
4
What is the hundred thousands digit of 2748486321?
4
What is the hundred millions digit of 858140065?
8
What is the billions digit of 4318705240?
4
What is the hundred millions digit of 168229151?
1
What is the hundred thousands digit of 49800357?
8
What is the units digit of 6714670978?
8
What is the hundred thousands digit of 1168622556?
6
What is the units digit of 177138614?
4
What is the hundred millions digit of 229863330?
2
What is the units digit of 61405561?
1
What is the millions digit of 346331787?
6
What is the ten millions digit of 40690950?
4
What is the hundreds digit of 23248451?
4
What is the tens digit of 603468335?
3
What is the ten thousands digit of 2518485880?
8
What is the hundreds digit of 3105723151?
1
What is the ten millions digit of 1821616278?
2
What is the hundreds digit of 170207498?
4
What is the hundred thousands digit of 361571806?
5
What is the hundreds digit of 123479048?
0
What is the hundreds digit of 773839884?
8
What is the millions digit of 3821033580?
1
What is the hundreds digit of 27492703?
7
What is the units digit of 89178272?
2
What is the units digit of 40376948?
8
What is the tens digit of 52898999?
9
What is the thousands digit of 3823496004?
6
What is the hundreds digit of 112402422?
4
What is the tens digit of 752189100?
0
What is the hundred millions digit of 4696721770?
6
What is the ten millions digit of 208238827?
0
What is the units digit of 4555146976?
6
What is the hundreds digit of 31571557?
5
What is the hundred thousands digit of 1095113126?
1
What is the hundreds digit of 1381649668?
6
What is the thousands digit of 346935670?
5
What is the ten thousands digit of 43444987?
4
What is the ten millions digit of 1169806242?
6
What is the units digit of 357262628?
8
What is the units digit of 307869579?
9
What is the millions digit of 8450094?
8
What is the units digit of 772296829?
9
What is the hundred millions digit of 110200883?
1
What is the hundred millions digit of 873832563?
8
What is the hundred thousands digit of 581233559?
2
What is the millions digit of 330244419?
0
What is the hundreds digit of 284295247?
2
What is the ten millions digit of 38702886?
3
What is the thousands digit of 622993120?
3
What is the tens digit of 344568411?
1
What is the hundreds digit of 125448996?
9
What is the thousands digit of 49742664?
2
What is the ten thousands digit of 679394393?
9
What is the ten millions digit of 617770940?
1
What is the millions digit of 17905970?
7
What is the ten millions digit of 1666878177?
6
What is the hundred millions digit of 217639861?
2
What is the ten millions digit of 268260048?
6
What is the units digit of 11749000?
0
What is the ten millions digit of 151137298?
5
What is the tens digit of 5411074892?
9
What is the hundred millions digit of 1138869261?
1
What is the ten thousands digit of 49807140?
0
What is the tens digit of 259749854?
5
What is the billions digit of 1428107520?
1
What is the tens digit of 117699406?
0
What is the hundred thousands digit of 25804032?
8
What is the tens digit of 280497970?
7
What is the ten millions digit of 4000299579?
0
What is the ten thousands digit of 4522173924?
7
What is the tens digit of 1285621706?
0
What is the hundred millions digit of 5525256835?
5
What is the millions digit of 68272836?
8
What is the hundred millions digit of 2130614599?
1
What is the thousands digit of 160278138?
8
What is the tens digit of 2373638399?
9
What is the ten millions digit of 768597233?
6
What is the tens digit of 3786406713?
1
What is the hundreds digit of 25671991?
9
What is the tens digit of 494489199?
9
What is the millions digit of 1018173999?
8
What is the thousands digit of 216400602?
0
What is the hundred thousands digit of 711677460?
6
What is the ten millions digit of 31735143?
3
What is the thousands digit of 77327477?
7
What is the hundreds digit of 4809371?
3
What is the hundreds digit of 87759529?
5
What is the ten millions digit of 16971255?
1
What is the ten millions digit of 379523645?
7
What is the hundred millions digit of 139116443?
1
What is the hundred thousands digit of 370889990?
8
What is the units digit of 17046519?
9
What is the hundred thousands digit of 77191361?
1
What is the hundred thousands digit of 682770377?
7
What is the hundred millions digit of 2589116959?
5
What is the hundred thousands digit of 1033368684?
3
What is the ten millions digit of 39484411?
3
What is the hundred thousands digit of 575199434?
1
What is the hundreds digit of 59729514?
5
What is the millions digit of 19251167?
9
What is the hundred thousands digit of 23685705?
6
What is the tens digit of 4065407994?
9
What is the millions digit of 660649632?
0
What is the hundreds digit of 920722614?
6
What is the ten millions digit of 280265938?
8
What is the hundreds digit of 83567584?
5
What is the thousands digit of 161301862?
1
What is the hundred millions digit of 308317562?
3
What is the hundreds digit of 3930092461?
4
What is the hundreds digit of 883615172?
1
What is the thousands digit of 7317052?
7
What is the units digit of 215776038?
8
What is the millions digit of 33434812?
3
What is the ten millions digit of 210345672?
1
What is the ten thousands digit of 398020167?
2
What is the ten thousands digit of 89335755?
3
What is the hundred millions digit of 1505170003?
5
What is the millions digit of 12489140?
2
What is the millions digit of 31095921?
1
What is the hundred millions digit of 943194704?
9
What is the ten thousands digit of 716968313?
6
What is the millions digit of 927718969?
7
What is the millions digit of 83594845?
3
What is the thousands digit of 6505536213?
6
What is the hundred thousands digit of 420507334?
5
What is the billions digit of 3612021930?
3
What is the millions digi